 8930. What is the thousands digit of x?
4
Suppose -14*w + 9*w - 60 = 0. Let f(i) = 4*i**2 + 9*i - i**2 + i - 2*i**2 - 3. What is the units digit of f(w)?
1
Suppose 50*n + 627 = 52*n - m, -25 = 5*m. What is the hundreds digit of n?
3
Let o be (0/(-1))/(2 + 1 + -7). Suppose u + 9 - 21 = o. What is the tens digit of u?
1
Suppose -132 = -5*w - c, 4*w + 4*c - 112 = -0*c. Let q(x) = 14 - 8*x - w + 6. What is the tens digit of q(-4)?
2
Suppose 0*i = -3*i + 1083. What is the units digit of i?
1
What is the tens digit of 2635/9 + 0 - (-26)/117?
9
Suppose 6*q - 7 = 41. Suppose 0 = i + q - 12. Suppose -i*h + 4*f + 5 = -75, -h + 8 = 3*f. What is the tens digit of h?
1
Suppose 12 - 27 = -i. Suppose 160 = -11*r + i*r. Suppose 0 = 4*c + r - 96. What is the tens digit of c?
1
Let a = 4258 - 2880. What is the hundreds digit of a?
3
Let m = 18 + -10. Let u = m + -40. Let s = u - -54. What is the units digit of s?
2
Suppose -z = -3*m + 4 - 3, 3*z - 5 = m. Suppose z*s - 36 = 46. What is the tens digit of s?
4
Let c be (-4 - 10) + (-5 - -3). Let w = c - -26. Let h = 16 - w. What is the units digit of h?
6
Let y(s) = -10*s**3 - 2*s**2 + 3*s - 4. What is the units digit of y(-3)?
9
Let i(c) = 3*c**2 + 3*c + 23*c**2 + 53*c**2 + 2. What is the units digit of i(-1)?
8
Suppose 10*h - 4 = 8*h. What is the tens digit of ((96/(-15))/h)/((-2)/45)?
7
What is the hundreds digit of (4 - 117/9) + 1018?
0
Suppose 5*g - 5*k + 75 = 0, g - 4*k - k + 3 = 0. Suppose 2*o = 110 - 66. Let d = o + g. What is the units digit of d?
4
Let v = -14 - -34. Let b be 1/(-4) + 45/v. Suppose -b*w - 5*f + 42 = -74, 0 = 4*w + 2*f - 200. What is the tens digit of w?
4
Let t = -13 + 16. Suppose -3*z - z + 5*o = -1, t*z - 24 = -4*o. Suppose -3*x = -2*p + 88, -2*p + 88 = -z*x + 5*x. What is the tens digit of p?
4
Suppose -14*n - 3*n + 25500 = 0. What is the thousands digit of n?
1
Let t(r) = -6*r + 0 - 3 - 15*r. Let p be t(-4). Suppose 2*n - 5*n = -p. What is the tens digit of n?
2
Suppose -1403 = -0*w - 3*w - 2*i, -4*w = 2*i - 1874. What is the hundreds digit of w?
4
Let i = -551 - -1220. What is the units digit of i?
9
Let a(p) = 3*p + 45. Let u be a(-14). Suppose 0 = u*o - 262 - 53. What is the hundreds digit of o?
1
Suppose 4310 = 5*p - 4*b, 4*p - 2*b - b = 3449. What is the hundreds digit of p?
8
Suppose -t + 20 = 4*t - 5*o, 32 = 5*t - o. Let n(c) = c - 4. Let k be n(t). Suppose k*p = p + 150. What is the tens digit of p?
7
Suppose -3*m = -4*m + 3. Suppose -4*k + 4*i = -8, -3*k = 5*i - m - 3. Suppose k*r = 17 + 13. What is the units digit of r?
5
Let o(s) = 5 + 7 - 6 + 3*s. Let q be o(3). Let d(t) = -t**2 + 19*t - 17. What is the units digit of d(q)?
3
Let z = 2773 + -1208. What is the thousands digit of z?
1
Suppose 0*b + 3*d = 2*b + 688, -2*d = 0. Let v be (-2)/(-11) - b/44. What is the units digit of (-10)/3*(-36)/v?
5
What is the thousands digit of 1462/85 + -17 - 13408/(-10)?
1
What is the hundreds digit of (-12)/15*(6 + (-2354)/4)?
4
Suppose 4 = 20*b - 16*b. What is the units digit of b?
1
Suppose -33*h + 9979 + 33053 = 0. What is the thousands digit of h?
1
Let f(v) = v**3 + 8*v**2 - 10*v + 9. Let c be f(-9). Let w be 63/c*(-8)/(-7). Suppose -w*g = -6*g + 36. What is the units digit of g?
8
Suppose -2*s = y - 130, -2*s = 3*s + 4*y - 319. Suppose 3*l - 2*d - s + 6 = 0, 5*l - 107 = -2*d. Let z = -8 + l. What is the units digit of z?
3
Let t = 2002 - 207. What is the hundreds digit of t?
7
Let v(y) = y**3 + y**2 + 1. Let m be v(1). Suppose -5*w = -82 - m. What is the tens digit of w?
1
Let g(i) = -i**2 - 4*i + 30. Let a(c) = -c**2 - 3*c + 20. Let x(d) = -7*a(d) + 5*g(d). What is the units digit of x(-8)?
0
Suppose -512*o + 510*o = -280. What is the hundreds digit of o?
1
Suppose 2*t = -4*f + 8, -4 - 1 = -t - 3*f. Suppose -3*q + 4*a = 14, 4*q + 3*a + t = -0*q. What is the tens digit of 13/(-4)*(q + -2)?
1
Let x be (-48)/9*6/(-4). Suppose 6*i + 116 = x*i. Suppose -3*d - 2*n + i = -d, 3*d - 75 = n. What is the tens digit of d?
2
Let p(o) = -o + 1. Let j be p(-4). Suppose -2*z = 3*i - 211, 2*i = -i - j*z + 199. What is the units digit of i?
3
Let r be (-95)/10 + 1/(-2). Let z(l) = -l**3 - 9*l**2 + 9*l - 11. Let g be z(r). What is the tens digit of (12/(-8) + g)*-6?
1
Let b(l) = -2*l**3 - 12*l**2 - 7*l + 10. Let k be b(-6). Suppose -k = -5*u + 353. What is the units digit of u?
1
Suppose -2*r = 4*h - 0 - 2, -2*h - 2 = 0. Suppose -89 = -4*m + 3*d, -4 = -r*d + 11. What is the units digit of m?
6
Suppose 0 = x + 4*f - 38, 0 = 5*x + 5*f - 110 - 140. Let h = x + -75. What is the units digit of (-54)/h*(2 - -5)?
8
Let g(m) be the second derivative of -m**3/6 + 3*m**2/2 + 12*m. Let y be g(1). Let s = 18 + y. What is the tens digit of s?
2
Let v be 3/((2/12)/1*6). Let u = 2 + -36. Let g = v - u. What is the tens digit of g?
3
Let l(m) = -m**3 - 3*m**2 + 2*m + 5. Let h be l(-3). Let f = h - -45. What is the units digit of f?
4
Let u(f) = 74*f**2 + 24*f + 83. What is the thousands digit of u(-4)?
1
Let h = -1521 - -3143. What is the hundreds digit of h?
6
Let d be (2*56 - 1)*-1. Let c = d + 358. What is the tens digit of c?
4
What is the units digit of -2 - (100/(-6))/((-70)/(-5565))?
3
Suppose 5*r + 30 = -5*j, 4*j - 2 = j + 2*r. What is the tens digit of 68 - 11 - (0 + j)?
5
Let u = 3112 + -2881. What is the units digit of u?
1
Let u(p) be the third derivative of -p**5/60 + 3*p**4/8 - p**3 - 2*p**2. Let b be u(8). Suppose -b*m = 3*s - 28 - 17, 12 = 4*s. What is the tens digit of m?
1
Let f = -513 - -836. What is the units digit of f?
3
Suppose -12*n + 40620 = 18*n. What is the tens digit of n?
5
Suppose 3280 = 4*w + 5*u, w - 5*w = 2*u - 3292. What is the hundreds digit of w?
8
Let u = 14 + -16. Let q be (-3 - -17)*(-43)/u. What is the units digit of 2*1*q/14?
3
Let x be (-1)/(-2)*(-2 - -8). Suppose -x*k + o - 2*o + 935 = 0, 0 = 5*k - 3*o - 1535. Suppose -13*b = -8*b - k. What is the units digit of b?
2
Let x(s) = 39*s + 11. What is the tens digit of x(6)?
4
Let b = 950 + -434. What is the units digit of b?
6
Suppose 0 = -3*s + 1159 - 268. What is the units digit of s?
7
Let y(a) = -23*a - 3. Let f be y(-3). Let x = f - 44. What is the tens digit of x?
2
Suppose 7*j - 26 = 44. Suppose -2*n - 3*c + 32 = 0, 5*n - 2*c - 67 = -3*c. Let p = j + n. What is the units digit of p?
3
Let p be (-195)/9 + 4/6. Let o be (-1540)/p + (-2)/6. Suppose 2*q - c + 7 = 44, -3*q - 2*c + o = 0. What is the units digit of q?
1
Let y = -383 + 1049. What is the units digit of y?
6
Let u = 1 - -2. Suppose -2*t - 3*t = -4*o + 443, -5*o + u*t + 570 = 0. What is the units digit of o?
7
Let y be 4/(-22) - (-72)/33. Suppose y*l = -2*l - 24. What is the units digit of l/(-8) + (-3)/(-12)?
1
What is the hundreds digit of (-14)/(-4) + (-309060)/(-72)?
2
Suppose -w + 47 = r + 18, w - 3*r = 49. Let j = w + -32. What is the units digit of j?
2
Suppose -16*r + 11*r - 10 = 0. Let f(o) be the second derivative of -13*o**3/6 + o**2/2 + o. What is the units digit of f(r)?
7
Let g(m) = -m**2 + 23*m - 10. Let v be g(8). Suppose 2*y - 74 = 2*w + v, 4*y = 3*w + 369. What is the tens digit of y?
9
Suppose 4*c + 3*u + 0*u + 132 = 0, 3*c = -4*u - 99. Let a = c - -8. Let v = a + 42. What is the tens digit of v?
1
Suppose 3*z - z - 1283 = -5*f, 0 = -4*f - 4*z + 1036. What is the hundreds digit of f?
2
Let o(k) = 10*k - 76. Let z be o(9). Let r(y) = -y**2 + 19*y - 11. What is the units digit of r(z)?
9
Let z = -47 + 55. Let n = z + 35. What is the units digit of n?
3
Suppose -3*a + 4*f + 1000 = -358, -4*a = 3*f - 1769. What is the hundreds digit of a?
4
Suppose 82 = l - 2*r, 4*l + 25 - 341 = 5*r. Let h = -27 + l. Suppose -30*a = -31*a + h. What is the units digit of a?
7
Let j = -71 - -36. Let p = j + 183. What is the tens digit of p?
4
Let g be (-164)/(-10)*(-4)/(4/5). What is the tens digit of (g/(-4) + -3)*2?
3
Suppose 2*d - 8 = -0. Suppose 3*y - 34 = -5*h, -d*y = -4*h + 6*h - 22. Let a(p) = p + 8. What is the units digit of a(y)?
1
Let m = 274 - 134. Suppose 148 = 142*h - m*h. What is the units digit of h?
4
Let z = -11049 + 7704. Let l = 4897 + z. What is the units digit of (-6)/4 - l/(-32)?
7
Suppose -3*r - 9 = -21. Suppose -2*j + 12 = -4*p - 6*j, -4*p = -3*j - 23. Suppose -h = -p*a - 19, -r*a + a - 123 = -5*h. What is the tens digit of h?
2
Let g(t